o be (30/12)/((-2)/(-4)). Let p(n) = -n**2 + 4*n + 6. Determine p(o).
1
Suppose a + 7 = -o - 2*o, -3*o + 4*a = 32. Let n(j) = -j**2 + 4. Calculate n(o).
-12
Let i = -23 - -17. Let r(k) = -k - 5. Determine r(i).
1
Let p(n) = n**3 - n**2 - n + 5. Let i = 50 + -30. Suppose -v - 4*k + 16 = -5*v, -5*v + i = 5*k. Let t be 0*3/(-6) - v. Calculate p(t).
5
Let a(g) = -2*g + g**3 + g + 6*g**2 + 3*g - 6 + 2*g. Suppose -4*w - u + 4*u - 20 = 0, u + 5 = -w. Give a(w).
-1
Suppose -2*u = -d - 2, 2*u - 4 = -2*u - d. Let r(w) = 10*w - 4*w + u - 5*w. Give r(-1).
0
Let u(y) = -4*y - 1. Let a = 7 - 6. Suppose -r - a = -0*r. What is u(r)?
3
Let x(l) = -l**3 - 9*l**2 + 11*l - 5. Let i be x(-10). Let a(z) = -z**2 - 3*z - 5. Let u be a(-4). Let g = u - i. Let y(h) = -h + 4. Determine y(g).
-2
Let a(k) be the second derivative of -k**3/6 + 5*k**2/2 + k. Let w(d) = -d**3 + 5*d**2 + 15*d - 7. Let i be w(7). Determine a(i).
5
Let j(l) = -9*l**3 + l**2 - 1. Suppose t - 4 = -3. Determine j(t).
-9
Let h(l) = 3*l + 2. Let t be h(1). Let r(c) be the second derivative of 0 - c - 7/2*c**2 + 1/12*c**4 - 1/2*c**3. Calculate r(t).
3
Suppose -5*q - 3*m + 18 = -0*m, -3*q = 2*m - 11. Let w(y) = -5*y + 3. Give w(q).
-12
Suppose -3*s + a + 9 = -0*a, -5*s = 2*a - 15. Let y(z) = -3*z + 4. What is y(s)?
-5
Let u(n) = -n - n**2 - 19 + 2*n**2 + 13. Let l(k) = -k + 3. Let y(o) = -1. Let q(p) = -l(p) - 2*y(p). Let x be q(1). Calculate u(x).
-6
Let s(i) = -i**2 + 7*i - 11. Let f be s(5). Let n(t) = 22*t**3 - t**2 - t. What is n(f)?
-22
Let n = -80 + 82. Let j(s) = 2*s**2 - s - 1. Give j(n).
5
Suppose 0 = 4*u - 8*u + 12, 17 = -4*d - u. Let b(n) = -n + 1. Determine b(d).
6
Suppose 0 = -4*h + 16. Let y(k) = -80 + 28 + 25 + 25 + k. Calculate y(h).
2
Let r(k) = -2*k**3 + 5*k**2 + 3*k - 3. Let t(p) = p**3 - 4*p**2 - 3*p + 2. Let j(m) = 2*r(m) + 3*t(m). What is j(-2)?
6
Suppose -6*x + x = 0. Let m(k) be the second derivative of x - 1/12*k**4 + k + k**2 + 1/3*k**3. Calculate m(-2).
-6
Let h(i) be the first derivative of 2*i - 1/4*i**4 - 2*i**2 + 4/3*i**3 + 3. Let l be 6/(-3)*(-1)/1. Calculate h(l).
2
Let g(l) = -17*l**2 + 7*l. Let k(x) = -8*x**2 + 3*x. Let o(r) = 4*g(r) - 9*k(r). Give o(1).
5
Suppose 0 + 1 = -q - z, -q + 4 = -4*z. Let o(a) = 1 - 6*a + q*a + 2*a. Let g be -1 + -2 + (4 - 0). Determine o(g).
-3
Let r(g) = g**3 + 7*g**2 + 7*g + 4. Suppose 5*p - 19 = -i, -3*p - 3 = 3*i - 0*p. Calculate r(i).
-2
Let r(t) be the third derivative of t**5/30 - t**4/6 + t**3/2 - 7*t**2. Give r(3).
9
Let f(l) = -5*l**2 - 1. Let v(k) = 11*k**2 + k + 2. Let p(t) = 9*f(t) + 4*v(t). Let m be p(5). Let s(j) = j**3 + 7*j**2 + 5*j + 6. Determine s(m).
12
Let p = -112 + 103. Let t(l) = -l**2 - 10*l - 1. Determine t(p).
8
Let h(j) = j**2 + 3*j + 2. Let w be (-1)/2 + (-11)/2. Suppose 4*c = -q + 36, 3*c + 5*q - 24 = 20. Let n be w/9 - c/6. Determine h(n).
0
Let q = 13 + -14. Let z(o) = 6*o**3 + o**2 + o + 1. Determine z(q).
-5
Let r(i) = -2*i + 3. Let n be (-2)/(-4) - (-34)/4. Let s = 14 - n. Calculate r(s).
-7
Let m(i) = i**3 + 5*i**2 + 3*i + 4. Let z(q) = q**3 - q + 12. Let g be z(0). Suppose -4*w + 28 = -5*s, -3*s = 3*w - s + 2. Suppose -d - g = w*d. Give m(d).
8
Suppose 3*k = 7*k + 16. Let o = 2 + 1. Let g(r) = -r**2 - 2 - 4*r - 2*r - o. Give g(k).
3
Suppose -4*b - 6 = -2*h, 2*b - b - 4*h = -19. Let a(m) = -1 + 0*m - 1 + 3*m**2 - b + m**3 - 2*m. Give a(-2).
5
Let l(v) = -7*v**3 - v**2. Let i be l(-1). Suppose -12 = -3*u, 2*x + i + 20 = 4*u. Let j(r) be the third derivative of -r**4/24 - r**3/3 + r**2. What is j(x)?
3
Let l(t) be the first derivative of -1/2*t**2 - 2 - 3*t. Let n(p) = -5*p**3 + p. Let h be n(-1). Calculate l(h).
-7
Let f = 10 - 5. Let v(d) = 4 - f - d - 3 - d**3 - 6*d**2. Determine v(-6).
2
Let a = -14 - -20. Let i(z) = z - 3. Let g be i(a). Let m(o) = o**3 - 48*o - o**2 + 0*o**3 - o**2 + 45*o. Give m(g).
0
Let k be ((-8)/10)/((-2)/10). Let u = -7 - -11. Suppose 0*a = u*a + k. Let f(m) = 5*m**3 - m - 1. Give f(a).
-5
Let m(d) be the first derivative of -d**2 - 2. Let k(o) = -o - 2. Let y be k(-5). Let a be (6 - y)*(-2 + 3). Give m(a).
-6
Let t(w) = 7*w**2 - 2*w + 1. Let o(b) = 4*b**2 - b. Let r(y) = -5*o(y) + 3*t(y). Suppose 0 = -l + 3*g - 6, 3*g = -3*l - 0*g + 6. Calculate r(l).
3
Let i(q) = 4*q - 5*q + 2 - 1. Let a = 3 - -3. Let s(b) = -b**2 + 5*b + 8. Let j be s(a). Determine i(j).
-1
Let i be 0/(((-2)/(-1))/2). Let u(f) = -2*f + 2 - 15*f**3 + 14*f**3 + 3*f. Give u(i).
2
Let u be ((-5)/2)/(3/(-6)). Let s = 3 - u. Let r(w) = w**2 - w - 1. Let c(i) = -3*i**2 + 3*i + 2. Let y(k) = -c(k) - 2*r(k). Calculate y(s).
6
Let n(r) = -3*r. Let g = -3 - -1. Let y be (-1)/(0 - (g + 1)). Calculate n(y).
3
Let j(q) be the first derivative of q**2 + q + 42. Determine j(-2).
-3
Let b(u) = -u**2 - 2. Suppose -3*o - 3*t = 3, 3*t + 18 = -0*o + 2*o. Let j(x) = -x**3 + 2*x**2 + 5*x - 4. Let p be j(o). Determine b(p).
-6
Suppose t = -t - 8. Let f(v) = v**2 + 2*v - 4. Let z be f(t). Let p(w) be the third derivative of -w**4/24 + w**3/2 + w**2. What is p(z)?
-1
Let m(h) = 2*h**2 + 6*h - 4. Let z be 5*(16/(-4) + 3). Give m(z).
16
Let r(s) = -6*s**3 - s**2 - 2*s + 4. Let q(h) = -5*h**3 - h**2 - 2*h + 3. Let y(d) = 7*q(d) - 6*r(d). Determine y(-2).
-11
Let w(x) = 2*x - 6. Suppose 0 = 13*m - 8*m - 25. Give w(m).
4
Let l(r) be the third derivative of r**5/60 + r**4/8 + r**3/2 + 12*r**2. Let h = 0 - -4. Let j be (h - 1)/((-3)/2). What is l(j)?
1
Let s(f) = 0*f + 2*f**2 + 4 + f - 6. Suppose w = -3*h, -5*h = 15 + 5. Let x = -14 + w. Give s(x).
4
Let i(u) = u**2 + 7*u + 1. Let w be ((-30)/70)/((-2)/14). Suppose 3*v - 2*l = -w*l - 11, -v - 5 = -l. Give i(v).
-11
Let n(k) = 1. Let p(g) = 3*g - 21. Let i(y) = -18*n(y) - p(y). Let l be (2 - 0)*18/12. Give i(l).
-6
Let s(g) = -g**2 + 3*g + 3. Suppose 4*v - 3*v + 10 = 0. Let m be (-36)/(-15) + (-6)/v. Calculate s(m).
3
Let x(j) = -j**2 - 6*j - 5. Suppose -2 = -o - 0. Suppose 4*w = -5*u - 24, -u + o*w - 1 = -w. Calculate x(u).
3
Let y(j) = 2*j**3 - 2*j**2 - 2*j + 2. Suppose 0 = 2*q + 4*z, -7*z + 2 = q - 3*z. Calculate y(q).
-18
Let j(p) = 2*p**2 + 12*p - 9. Let m be j(-7). Let a(g) = 2*g**2 - 6*g - 2. Calculate a(m).
18
Let q = 4 + 1. Let j = q + -3. Let x(s) = -s**2 + s + 1. Calculate x(j).
-1
Suppose -3*f = -8*f + 3*c, -2*c = 4*f - 22. Let q = 1 + -2. Let g = q - f. Let b(h) = -2*h - 4. Give b(g).
4
Let d(s) = s**2 + 7*s + 6. Let o(i) = -i**2 - i - 1. Let w(k) = d(k) + 2*o(k). Suppose 2*g = -0*g + 12. Calculate w(g).
-2
Suppose 14 = 5*x - 1. Let z be (1/x)/(5/(-30)). Let g(m) = -m**2 - 3*m - 2. Give g(z).
0
Let h(q) = -q**3 + 7*q + 6. Let o(y) = 2*y**3 - 6*y - 5. Let k be (-14 + 4)*1/(-2). Let x(u) = k*h(u) + 6*o(u). What is x(-1)?
-6
Let a(q) be the second derivative of q**5/60 + q**4/24 - q**3/3 + 5*q**2/2 - 4*q. Let u(y) be the first derivative of a(y). What is u(-2)?
0
Let m(j) = j**3 - j**2 + 3*j - 3. Let c(h) = 2*h**2 + 3*h. Let k be c(-2). What is m(k)?
7
Let v(b) be the first derivative of -b**2/2 + b + 1. What is v(-7)?
8
Let n be (-11)/(-22)*4/(-2). Let w(y) = 7*y. Give w(n).
-7
Let j(y) = 3*y**2 + 14*y + 7. Let h(x) = 2*x**2 + 13*x + 6. Let m(v) = -4*h(v) + 3*j(v). Give m(8).
-19
Let s(w) = -w**3 + 6*w**2 + 2*w - 8. Suppose -8*z - z = -54. What is s(z)?
4
Let r be 20/(-6)*18/(-12). Let u(k) = -k**3 + 3*k**2 + 8*k - 4. What is u(r)?
-14
Let a be (2*-6)/((-26)/13). Let o(z) = z**3 - 7*z**2 + 8*z - 2. Give o(a).
10
Let o(n) = 0*n + 1 - 2*n + n. What is o(3)?
-2
Let i(k) = k**3 + k - 8. Suppose -4*q - 2*s - 2*s - 48 = 0, 2*q - 5*s - 4 = 0. Let v = 8 + q. What is i(v)?
-8
Let l(z) = z**3 - 5*z**2 - 2*z + 7. Let u(h) = h + 5. Let k be u(-5). Suppose -3*g + k + 7 = 4*t, -25 = -3*g + 5*t. Give l(g).
-3
Let v(w) be the first derivative of w**5/30 - w**4/12 + w**3/6 + 5*w**2/2 + 4. Let l(t) be the second derivative of v(t). Calculate l(2).
5
Let w be 69/12 + 1/4. Let f(i) be the third derivative of i**5/60 - i**4/4 + i**3 + i**2. What is f(w)?
6
Let v be 0 - (2 - 3 - 1). Let k = -9 + v. Let r(w) = -w. What is r(k)?
7
Let j(z) = z**2 + z + 6. Let k(p) = 4*p - 7. Let c(m) = -m. Let g(h) = -5*c(h) - k(h). Let u(x) = -5*g(x) + 6*j(x). Calculate u(-1).
6
Let p(a) be the first derivative of 2*a - 1/3*a**3 + 3 - 5/2*a**2. Determine p(-4).
6
Let l(o) = 2 - 3*o**2 + o + 2*o + 4*o**2. Let a(k) 